{"id":2259,"date":"2024-06-29T12:51:12","date_gmt":"2024-06-29T10:51:12","guid":{"rendered":"https:\/\/pro-automobils.com\/?page_id=2259"},"modified":"2024-06-29T17:13:00","modified_gmt":"2024-06-29T15:13:00","slug":"accueil","status":"publish","type":"page","link":"https:\/\/pro-automobils.com\/","title":{"rendered":"Accueil"},"content":{"rendered":"<p>[et_pb_section fb_built=&#8221;1&#8243; custom_padding_last_edited=&#8221;on|tablet&#8221; disabled_on=&#8221;off|on|on&#8221; admin_label=&#8221;Header&#8221; _builder_version=&#8221;4.23.4&#8243; background_image=&#8221;http:\/\/pro-automobils.com\/wp-content\/uploads\/2024\/06\/view-3d-car-mode-mobill-scaled.jpg&#8221; width=&#8221;100%&#8221; max_width=&#8221;100%&#8221; min_height=&#8221;984px&#8221; height=&#8221;1000px&#8221; max_height=&#8221;1000px&#8221; custom_margin=&#8221;||20px||false|false&#8221; custom_padding=&#8221;0px||11px||false|false&#8221; custom_padding_tablet=&#8221;0px||11px||false|false&#8221; custom_padding_phone=&#8221;0px||11px||false|false&#8221; bottom_divider_style=&#8221;arrow2&#8243; bottom_divider_color=&#8221;#1e232b&#8221; locked=&#8221;off&#8221; global_colors_info=&#8221;{}&#8221;][et_pb_row _builder_version=&#8221;4.21.0&#8243; custom_margin=&#8221;|auto|-52px|auto||&#8221; custom_padding=&#8221;|0px||||&#8221; global_colors_info=&#8221;{}&#8221;][et_pb_column type=&#8221;4_4&#8243; _builder_version=&#8221;4.16&#8243; z_index=&#8221;10&#8243; custom_padding=&#8221;250px||||false|false&#8221; custom_padding_tablet=&#8221;0px||||false|false&#8221; custom_padding_phone=&#8221;&#8221; custom_padding_last_edited=&#8221;on|desktop&#8221; global_colors_info=&#8221;{}&#8221;][\/et_pb_column][\/et_pb_row][et_pb_row _builder_version=&#8221;4.21.0&#8243; global_colors_info=&#8221;{}&#8221;][et_pb_column type=&#8221;4_4&#8243; _builder_version=&#8221;4.16&#8243; global_colors_info=&#8221;{}&#8221;][\/et_pb_column][\/et_pb_row][\/et_pb_section][et_pb_section fb_built=&#8221;1&#8243; custom_padding_last_edited=&#8221;on|tablet&#8221; disabled_on=&#8221;on|off|off&#8221; admin_label=&#8221;Header&#8221; _builder_version=&#8221;4.23.4&#8243; background_image=&#8221;http:\/\/pro-automobils.com\/wp-content\/uploads\/2024\/06\/view-3d-car-model.jpg&#8221; width=&#8221;100%&#8221; max_width=&#8221;100%&#8221; min_height=&#8221;984px&#8221; height=&#8221;1000px&#8221; max_height=&#8221;1000px&#8221; custom_margin=&#8221;||20px||false|false&#8221; custom_padding=&#8221;0px||11px||false|false&#8221; custom_padding_tablet=&#8221;0px||11px||false|false&#8221; custom_padding_phone=&#8221;0px||11px||false|false&#8221; bottom_divider_style=&#8221;arrow2&#8243; bottom_divider_color=&#8221;#1e232b&#8221; locked=&#8221;off&#8221; global_colors_info=&#8221;{}&#8221;][et_pb_row _builder_version=&#8221;4.21.0&#8243; custom_margin=&#8221;|auto|-52px|auto||&#8221; custom_padding=&#8221;|0px||||&#8221; global_colors_info=&#8221;{}&#8221;][et_pb_column type=&#8221;4_4&#8243; _builder_version=&#8221;4.16&#8243; z_index=&#8221;10&#8243; custom_padding=&#8221;250px||||false|false&#8221; custom_padding_tablet=&#8221;0px||||false|false&#8221; custom_padding_phone=&#8221;&#8221; custom_padding_last_edited=&#8221;on|desktop&#8221; global_colors_info=&#8221;{}&#8221;][\/et_pb_column][\/et_pb_row][et_pb_row _builder_version=&#8221;4.21.0&#8243; global_colors_info=&#8221;{}&#8221;][et_pb_column type=&#8221;4_4&#8243; _builder_version=&#8221;4.16&#8243; global_colors_info=&#8221;{}&#8221;][\/et_pb_column][\/et_pb_row][\/et_pb_section][et_pb_section fb_built=&#8221;1&#8243; admin_label=&#8221;Services&#8221; _builder_version=&#8221;4.20.0&#8243; _module_preset=&#8221;default&#8221; background_color=&#8221;gcid-9fa4a1b6-767d-41ca-984c-a6f10449c843&#8243; custom_margin=&#8221;-20px||||false|false&#8221; collapsed=&#8221;on&#8221; global_colors_info=&#8221;{%22gcid-9fa4a1b6-767d-41ca-984c-a6f10449c843%22:%91%22background_color%22%93}&#8221;][et_pb_row _builder_version=&#8221;4.20.0&#8243; _module_preset=&#8221;default&#8221; max_width=&#8221;800px&#8221; global_colors_info=&#8221;{}&#8221;][et_pb_column type=&#8221;4_4&#8243; _builder_version=&#8221;4.20.0&#8243; _module_preset=&#8221;default&#8221; global_colors_info=&#8221;{}&#8221;][et_pb_text _builder_version=&#8221;4.23.4&#8243; _module_preset=&#8221;c8638eba-6073-487b-99d0-88f074aea76b&#8221; header_4_text_color=&#8221;gcid-2f3f3e09-0a26-4ea7-8906-5e1128945e3f&#8221; text_orientation=&#8221;center&#8221; custom_margin=&#8221;||10px||false|false&#8221; global_colors_info=&#8221;{%22gcid-2f3f3e09-0a26-4ea7-8906-5e1128945e3f%22:%91%22header_4_text_color%22%93}&#8221;]<\/p>\n<h4><span style=\"color: #ffffff;\">Explorez l&#8217;excellence <\/span><\/h4>\n<p>[\/et_pb_text][et_pb_image src=&#8221;http:\/\/pro-automobils.com\/wp-content\/uploads\/2024\/06\/attorney-1.png&#8221; title_text=&#8221;attorney-1&#8243; _builder_version=&#8221;4.20.0&#8243; _module_preset=&#8221;default&#8221; max_width=&#8221;130px&#8221; module_alignment=&#8221;center&#8221; global_colors_info=&#8221;{}&#8221;][\/et_pb_image][\/et_pb_column][\/et_pb_row][et_pb_row _builder_version=&#8221;4.20.0&#8243; _module_preset=&#8221;default&#8221; max_width=&#8221;800px&#8221; global_colors_info=&#8221;{}&#8221;][et_pb_column type=&#8221;4_4&#8243; _builder_version=&#8221;4.20.0&#8243; _module_preset=&#8221;default&#8221; global_colors_info=&#8221;{}&#8221;][et_pb_text _builder_version=&#8221;4.23.4&#8243; _module_preset=&#8221;c8638eba-6073-487b-99d0-88f074aea76b&#8221; header_4_text_color=&#8221;gcid-2f3f3e09-0a26-4ea7-8906-5e1128945e3f&#8221; text_orientation=&#8221;center&#8221; custom_margin=&#8221;||10px||false|false&#8221; global_colors_info=&#8221;{%22gcid-2f3f3e09-0a26-4ea7-8906-5e1128945e3f%22:%91%22header_4_text_color%22%93}&#8221;]<\/p>\n<h4><span style=\"color: #ffffff;\">specialiste de l&#8217;automobile de collection et de luxe<\/span><\/h4>\n<p>[\/et_pb_text][\/et_pb_column][\/et_pb_row][\/et_pb_section][et_pb_section fb_built=&#8221;1&#8243; admin_label=&#8221;Services&#8221; _builder_version=&#8221;4.20.0&#8243; _module_preset=&#8221;default&#8221; background_color=&#8221;gcid-9fa4a1b6-767d-41ca-984c-a6f10449c843&#8243; collapsed=&#8221;on&#8221; global_colors_info=&#8221;{%22gcid-9fa4a1b6-767d-41ca-984c-a6f10449c843%22:%91%22background_color%22%93}&#8221;][et_pb_row custom_padding_last_edited=&#8221;on|tablet&#8221; _builder_version=&#8221;4.23.4&#8243; _module_preset=&#8221;default&#8221; custom_padding_tablet=&#8221;||0px||false|false&#8221; custom_padding_phone=&#8221;||0px||false|false&#8221; locked=&#8221;off&#8221; global_colors_info=&#8221;{}&#8221;][et_pb_column type=&#8221;4_4&#8243; _builder_version=&#8221;4.23.4&#8243; _module_preset=&#8221;default&#8221; global_colors_info=&#8221;{}&#8221;][et_pb_image src=&#8221;http:\/\/pro-automobils.com\/wp-content\/uploads\/2024\/06\/icone-voiture.png&#8221; title_text=&#8221;icone voiture&#8221; align=&#8221;center&#8221; _builder_version=&#8221;4.23.4&#8243; _module_preset=&#8221;default&#8221; width=&#8221;16%&#8221; custom_margin=&#8221;-40px||68px||false|false&#8221; global_colors_info=&#8221;{}&#8221;][\/et_pb_image][et_pb_text _builder_version=&#8221;4.23.4&#8243; _module_preset=&#8221;bf87b022-8f13-4d77-b6d9-bbb2db9b3e1a&#8221; text_text_color=&#8221;#E0DAD2&#8243; text_orientation=&#8221;center&#8221; locked=&#8221;off&#8221; global_colors_info=&#8221;{}&#8221;]<\/p>\n<p style=\"text-align: center;\"><span style=\"color: #ffffff;\">R\u00e9sultat de l&#8217;union de sp\u00e9cialistes de l&#8217;automobile de collection et de luxe, Pro Automobils se positionne aujourd&#8217;hui comme une r\u00e9f\u00e9rence incontournable dans le secteur off-market. <\/span><span style=\"color: #ffffff; font-size: 16px;\">Gr\u00e2ce \u00e0 la collaboration de nos experts et \u00e0 la mise en commun de leurs r\u00e9seaux, notre entreprise vous garantit une exp\u00e9rience exceptionnelle, alliant une description d\u00e9taill\u00e9e, un professionnalisme exemplaire et une r\u00e9activit\u00e9 incomparable.<\/span><\/p>\n<p style=\"text-align: center;\"><span style=\"color: #ffffff;\"> Nous sommes heureux de pr\u00e9senter notre s\u00e9lection de voitures \u00e0 travers l&#8217;Europe, le Luxembourg, la Belgique, les \u00c9mirats et Dubai<\/span><\/p>\n<p>[\/et_pb_text][\/et_pb_column][\/et_pb_row][\/et_pb_section][et_pb_section fb_built=&#8221;1&#8243; admin_label=&#8221;Contact Info&#8221; _builder_version=&#8221;4.23.4&#8243; _module_preset=&#8221;default&#8221; background_color=&#8221;gcid-9fa4a1b6-767d-41ca-984c-a6f10449c843&#8243; bottom_divider_style=&#8221;arrow2&#8243; bottom_divider_color=&#8221;#000000&#8243; bottom_divider_height=&#8221;117px&#8221; hover_enabled=&#8221;0&#8243; locked=&#8221;off&#8221; collapsed=&#8221;on&#8221; global_colors_info=&#8221;{%22gcid-9fa4a1b6-767d-41ca-984c-a6f10449c843%22:%91%22background_color%22%93}&#8221; sticky_enabled=&#8221;0&#8243;][\/et_pb_section][et_pb_section fb_built=&#8221;1&#8243; prev_background_color=&#8221;#000000&#8243; admin_label=&#8221;Contact Info&#8221; _builder_version=&#8221;4.23.4&#8243; _module_preset=&#8221;default&#8221; background_color=&#8221;gcid-9fa4a1b6-767d-41ca-984c-a6f10449c843&#8243; top_divider_style=&#8221;arrow2&#8243; bottom_divider_color=&#8221;#000000&#8243; bottom_divider_height=&#8221;117px&#8221; bottom_divider_flip=&#8221;vertical&#8221; locked=&#8221;off&#8221; collapsed=&#8221;on&#8221; global_colors_info=&#8221;{%22gcid-9fa4a1b6-767d-41ca-984c-a6f10449c843%22:%91%22background_color%22%93}&#8221;][\/et_pb_section]<\/p>\n","protected":false},"excerpt":{"rendered":"<p>Explorez l&#8217;excellence specialiste de l&#8217;automobile de collection et de luxeR\u00e9sultat de l&#8217;union de sp\u00e9cialistes de l&#8217;automobile de collection et de luxe, Pro Automobils se positionne aujourd&#8217;hui comme une r\u00e9f\u00e9rence incontournable dans le secteur off-market. Gr\u00e2ce \u00e0 la collaboration de nos experts et \u00e0 la mise en commun de leurs r\u00e9seaux, notre entreprise vous garantit une [&hellip;]<\/p>\n","protected":false},"author":2,"featured_media":0,"parent":0,"menu_order":0,"comment_status":"closed","ping_status":"closed","template":"","meta":{"_et_pb_use_builder":"on","_et_pb_old_content":"","_et_gb_content_width":"","footnotes":""},"class_list":["post-2259","page","type-page","status-publish","hentry"],"yoast_head":"<!-- This site is optimized with the Yoast SEO plugin v22.9 - https:\/\/yoast.com\/wordpress\/plugins\/seo\/ -->\n<title>Accueil - Pro Automobils<\/title>\n<meta name=\"description\" content=\"Sp\u00e9cialiste des voitures de collection et de luxe, nous pr\u00e9sentons notre s\u00e9lection \u00e0 travers l&#039;Europe, le Luxembourg, les \u00c9mirats et Duba\u00ef.\" \/>\n<meta name=\"robots\" content=\"index, follow, max-snippet:-1, max-image-preview:large, max-video-preview:-1\" \/>\n<link rel=\"canonical\" href=\"https:\/\/pro-automobils.com\/\" \/>\n<meta property=\"og:locale\" content=\"en_US\" \/>\n<meta property=\"og:type\" content=\"article\" \/>\n<meta property=\"og:title\" content=\"Accueil - Pro Automobils\" \/>\n<meta property=\"og:description\" content=\"Sp\u00e9cialiste des voitures de collection et de luxe, nous pr\u00e9sentons notre s\u00e9lection \u00e0 travers l&#039;Europe, le Luxembourg, les \u00c9mirats et Duba\u00ef.\" \/>\n<meta property=\"og:url\" content=\"https:\/\/pro-automobils.com\/\" \/>\n<meta property=\"og:site_name\" content=\"Pro Automobils\" \/>\n<meta property=\"article:modified_time\" content=\"2024-06-29T15:13:00+00:00\" \/>\n<meta name=\"twitter:card\" content=\"summary_large_image\" \/>\n<meta name=\"twitter:label1\" content=\"Est. reading time\" \/>\n\t<meta name=\"twitter:data1\" content=\"1 minute\" \/>\n<script type=\"application\/ld+json\" class=\"yoast-schema-graph\">{\"@context\":\"https:\/\/schema.org\",\"@graph\":[{\"@type\":\"WebPage\",\"@id\":\"https:\/\/pro-automobils.com\/\",\"url\":\"https:\/\/pro-automobils.com\/\",\"name\":\"Accueil - Pro Automobils\",\"isPartOf\":{\"@id\":\"https:\/\/pro-automobils.com\/#website\"},\"datePublished\":\"2024-06-29T10:51:12+00:00\",\"dateModified\":\"2024-06-29T15:13:00+00:00\",\"description\":\"Sp\u00e9cialiste des voitures de collection et de luxe, nous pr\u00e9sentons notre s\u00e9lection \u00e0 travers l'Europe, le Luxembourg, les \u00c9mirats et Duba\u00ef.\",\"breadcrumb\":{\"@id\":\"https:\/\/pro-automobils.com\/#breadcrumb\"},\"inLanguage\":\"en-US\",\"potentialAction\":[{\"@type\":\"ReadAction\",\"target\":[\"https:\/\/pro-automobils.com\/\"]}]},{\"@type\":\"BreadcrumbList\",\"@id\":\"https:\/\/pro-automobils.com\/#breadcrumb\",\"itemListElement\":[{\"@type\":\"ListItem\",\"position\":1,\"name\":\"Home\",\"item\":\"https:\/\/pro-automobils.com\/\"},{\"@type\":\"ListItem\",\"position\":2,\"name\":\"Accueil\"}]},{\"@type\":\"WebSite\",\"@id\":\"https:\/\/pro-automobils.com\/#website\",\"url\":\"https:\/\/pro-automobils.com\/\",\"name\":\"Pro Automobils\",\"description\":\"Gestion Automobile\",\"potentialAction\":[{\"@type\":\"SearchAction\",\"target\":{\"@type\":\"EntryPoint\",\"urlTemplate\":\"https:\/\/pro-automobils.com\/?s={search_term_string}\"},\"query-input\":\"required name=search_term_string\"}],\"inLanguage\":\"en-US\"}]}<\/script>\n<!-- \/ Yoast SEO plugin. -->","yoast_head_json":{"title":"Accueil - Pro Automobils","description":"Sp\u00e9cialiste des voitures de collection et de luxe, nous pr\u00e9sentons notre s\u00e9lection \u00e0 travers l'Europe, le Luxembourg, les \u00c9mirats et Duba\u00ef.","robots":{"index":"index","follow":"follow","max-snippet":"max-snippet:-1","max-image-preview":"max-image-preview:large","max-video-preview":"max-video-preview:-1"},"canonical":"https:\/\/pro-automobils.com\/","og_locale":"en_US","og_type":"article","og_title":"Accueil - Pro Automobils","og_description":"Sp\u00e9cialiste des voitures de collection et de luxe, nous pr\u00e9sentons notre s\u00e9lection \u00e0 travers l'Europe, le Luxembourg, les \u00c9mirats et Duba\u00ef.","og_url":"https:\/\/pro-automobils.com\/","og_site_name":"Pro Automobils","article_modified_time":"2024-06-29T15:13:00+00:00","twitter_card":"summary_large_image","twitter_misc":{"Est. reading time":"1 minute"},"schema":{"@context":"https:\/\/schema.org","@graph":[{"@type":"WebPage","@id":"https:\/\/pro-automobils.com\/","url":"https:\/\/pro-automobils.com\/","name":"Accueil - Pro Automobils","isPartOf":{"@id":"https:\/\/pro-automobils.com\/#website"},"datePublished":"2024-06-29T10:51:12+00:00","dateModified":"2024-06-29T15:13:00+00:00","description":"Sp\u00e9cialiste des voitures de collection et de luxe, nous pr\u00e9sentons notre s\u00e9lection \u00e0 travers l'Europe, le Luxembourg, les \u00c9mirats et Duba\u00ef.","breadcrumb":{"@id":"https:\/\/pro-automobils.com\/#breadcrumb"},"inLanguage":"en-US","potentialAction":[{"@type":"ReadAction","target":["https:\/\/pro-automobils.com\/"]}]},{"@type":"BreadcrumbList","@id":"https:\/\/pro-automobils.com\/#breadcrumb","itemListElement":[{"@type":"ListItem","position":1,"name":"Home","item":"https:\/\/pro-automobils.com\/"},{"@type":"ListItem","position":2,"name":"Accueil"}]},{"@type":"WebSite","@id":"https:\/\/pro-automobils.com\/#website","url":"https:\/\/pro-automobils.com\/","name":"Pro Automobils","description":"Gestion Automobile","potentialAction":[{"@type":"SearchAction","target":{"@type":"EntryPoint","urlTemplate":"https:\/\/pro-automobils.com\/?s={search_term_string}"},"query-input":"required name=search_term_string"}],"inLanguage":"en-US"}]}},"_links":{"self":[{"href":"https:\/\/pro-automobils.com\/index.php\/wp-json\/wp\/v2\/pages\/2259","targetHints":{"allow":["GET"]}}],"collection":[{"href":"https:\/\/pro-automobils.com\/index.php\/wp-json\/wp\/v2\/pages"}],"about":[{"href":"https:\/\/pro-automobils.com\/index.php\/wp-json\/wp\/v2\/types\/page"}],"author":[{"embeddable":true,"href":"https:\/\/pro-automobils.com\/index.php\/wp-json\/wp\/v2\/users\/2"}],"replies":[{"embeddable":true,"href":"https:\/\/pro-automobils.com\/index.php\/wp-json\/wp\/v2\/comments?post=2259"}],"version-history":[{"count":20,"href":"https:\/\/pro-automobils.com\/index.php\/wp-json\/wp\/v2\/pages\/2259\/revisions"}],"predecessor-version":[{"id":2452,"href":"https:\/\/pro-automobils.com\/index.php\/wp-json\/wp\/v2\/pages\/2259\/revisions\/2452"}],"wp:attachment":[{"href":"https:\/\/pro-automobils.com\/index.php\/wp-json\/wp\/v2\/media?parent=2259"}],"curies":[{"name":"wp","href":"https:\/\/api.w.org\/{rel}","templated":true}]}}